or of o and 198.
22
Let r = -174 - -105. Let l = -3622 + 3541. Let y = r - l. Calculate the highest common divisor of y and 84.
12
Let n = 8253 + -8165. Calculate the highest common divisor of 187 and n.
11
Let l(m) = -m. Let q be l(-1). Let t be 70/40 + 1/4 + q. Let f be (-1)/(t*(-4)/12). What is the greatest common factor of 8 and f?
1
Let q(h) = -h - 34. Let r be q(-26). Let x = 5 + r. Let g be (-2)/9 + 10542/54 - x. Calculate the greatest common divisor of g and 18.
18
Let d be (-2)/2 + (-19*3)/(-3). Suppose 309 - 69 = 20*u. Calculate the greatest common factor of u and d.
6
Suppose 8*m + 11*m - 59710 = 12*m. Calculate the highest common factor of 20 and m.
10
Let c = 6525 + 1319. Calculate the highest common factor of c and 8.
4
Suppose 0 = -11*u + 7*u + 4*g - 544, -u = 3*g + 128. Let p = -113 - u. Calculate the highest common divisor of 357 and p.
21
Let w = -2528 - -6981. Calculate the highest common divisor of w and 61.
61
Suppose -3*b - 6 + 24 = 0. Let d(o) = -o**3 + 5*o**2 - 5*o + 6. Let h be d(5). Let q = 37 + h. Calculate the highest common divisor of q and b.
6
Let b = 604 + -855. Let n = 346 + b. What is the greatest common factor of n and 133?
19
Suppose -158*p + 81*p - 240 = -83*p. What is the highest common divisor of p and 2880?
40
Suppose 0 = -248*r + 246*r + 1010. Calculate the highest common factor of r and 404.
101
Suppose -1446 = 18*m + 2586. Let c = 105 - m. Calculate the greatest common divisor of 141 and c.
47
Let v be 2*(3 + (-33)/12) - 105/(-2). Let x = -181 + 393. Calculate the greatest common factor of x and v.
53
Let g(x) = 80*x + 10. Let h be g(2). Let t = h + -168. What is the highest common factor of 8 and t?
2
Let x(n) = 22*n - 252. Let b be x(12). Let t(w) = 46*w**2 - 3*w - 3. Let u be t(-3). Calculate the greatest common divisor of u and b.
12
Let q(n) be the first derivative of n**2/2 + 62*n - 22. Let u be q(-17). What is the greatest common factor of u and 180?
45
Let n(a) = -7*a + 20. Let w be n(8). Let r be 4 + 90/(-21) - w/28. Suppose -2*p - r = -h + 1, 3*p + 1 = h. What is the highest common factor of p and 11?
1
Let a be (-73 + 4)*(-3 + 1950/(-9)). Suppose 13*k + 2547 - a = 0. What is the greatest common divisor of 10 and k?
10
Let g be (-4 - 0)/(1/(-2)). Let d(p) = -96*p - 8. Suppose -130*c + 118*c - 12 = 0. Let y be d(c). Calculate the highest common divisor of y and g.
8
Let s = -418 - -421. Suppose s*p - 10 = -2*r + 14, 4*p + 48 = 4*r. Let l = -69 - -177. Calculate the greatest common factor of r and l.
12
Suppose -49*u + 1362 - 867 = -1122. Calculate the greatest common divisor of u and 111.
3
Suppose -2*g + 38*w = 33*w - 3487, 4*g - 6941 = -w. Calculate the highest common divisor of 2790 and g.
62
Let b be (-73 + 69)*(4/2 - -60). Let i = -193 - b. Calculate the greatest common divisor of i and 10.
5
Let w = 10361 - 9998. Calculate the greatest common factor of w and 2607.
33
Suppose -2*b + 172 = -4*b. Suppose -f - 70 = -4*o, 5*f = -4*o + 167 - 565. Let n = f - b. Calculate the highest common divisor of n and 40.
8
Suppose 16961 = -6*q + 34055. What is the highest common factor of 154 and q?
77
Let a(j) = -j**2 + 91*j + 2683. Let i be a(-23). What is the highest common divisor of i and 12322?
61
Suppose 1683 = 14*l + 115. Suppose 6*c = c + 5*q + 55, -4*c - 5*q + 8 = 0. What is the greatest common factor of l and c?
7
Suppose 0 = -198*u + 164*u + 408. What is the highest common factor of u and 12?
12
Let a(l) = 7*l + 59. Let v be a(-8). Suppose v*z + 4*k = -171 + 527, z = -3*k + 122. Calculate the highest common divisor of 87 and z.
29
Let s be 170/10 + 5 - 2. Calculate the highest common divisor of 148 and s.
4
Let l = 19927 + -19772. Calculate the highest common divisor of 15965 and l.
155
Suppose -42*g + 39*g + 155 = 5*d, 0 = -4*g + 4*d + 164. What is the greatest common factor of g and 23130?
45
Let q(t) = -142*t - 34. Let b be q(-3). Suppose -120*c + 113*c = -b. Calculate the greatest common factor of c and 14.
14
Suppose d + 4*p = 5, 0 = d + 2*d + 4*p - 7. Let z(l) = 11*l**3 - 3*l**2 - 3*l + 5. Let t be z(d). What is the greatest common factor of t and 110?
10
Let j(w) = -106*w + 238. Let n be j(2). Let u be (-3 - -8) + (-2)/1. Suppose -4*h + u*f = f - 14, f - 3 = -3*h. Calculate the greatest common factor of n and h.
2
Let o be (-10)/(-45) - (-43)/9 - -22. Let r be 24 - (o/(-45) + 34/(-10)). Calculate the highest common divisor of 98 and r.
14
Let a be 1 + -6*(725/2)/(-5). Suppose 4*p + 8 = 7*p + 4*x, p - 1 = -3*x. Calculate the greatest common divisor of p and a.
4
Let s(h) be the third derivative of 11*h**2 + 0 + 3/2*h**3 + 11/8*h**4 + 0*h. Let z be s(3). Calculate the highest common divisor of z and 24.
12
Suppose -w - 2*w + 36 = 0. Let l be (-24)/(-42) + 27056/133. What is the greatest common factor of w and l?
12
Let k(s) = s**3 - 31*s**2 + 84*s - 27. Let n be k(28). Let q(z) = -z**2 - 24*z + 129. Let j be q(n). What is the highest common divisor of 336 and j?
48
Let q(w) = -6*w**3 - 10*w**2 - 27*w - 16. Let p be q(-9). Calculate the highest common factor of 17 and p.
17
Suppose -3*w - 9 = 21*x - 25*x, 5*w + 4*x = 49. Calculate the greatest common divisor of 256 and w.
1
Let r(g) = -85*g - 8120. Let h be r(-97). Calculate the greatest common divisor of h and 4275.
25
Let h = 14 + 282. Let c(m) = -6*m - 27. Let f be c(-5). Suppose f*n = -6, -179 = -5*i - 0*i - 3*n. What is the highest common factor of i and h?
37
Suppose 2736*b - 2743*b = -58695. Calculate the highest common factor of b and 390.
195
Suppose 0 = 3*q + 2*i - 124, 5 = q + 2*i - 35. Calculate the highest common factor of 17178 and q.
42
Suppose 221 = 14*f + 171 - 496. Calculate the greatest common divisor of f and 11180.
13
Let k(d) = d**2 + 9*d + 1. Let u be -1 - (-3 + 15)/2. Let p be k(u). Let t be (-4392)/(-156) + 2/p. Calculate the highest common divisor of 42 and t.
14
Let u(d) = 92 + 7*d + 149 - 84. Let p be u(-3). What is the greatest common divisor of 119 and p?
17
Let z be (522/24)/(6/16). Suppose -61*i + 589 = -1180. What is the highest common divisor of i and z?
29
Let w be 1 - (-2 + 1/1). Let z = 1959 + -1950. Let h = z + w. What is the greatest common factor of 11 and h?
11
Let v = -44 + 68. Suppose -42 = l - 45. Suppose l*n - 4*x - 201 = 23, -2*n + 148 = -2*x. Calculate the greatest common divisor of v and n.
24
Let j(k) = 55*k**2 - 8*k + 2. Let g be j(3). Suppose 5*m + g - 1423 = 0. Calculate the greatest common factor of 38 and m.
38
Let s(c) = 2*c**3 + 691. Let h be s(0). Suppose -9*t + h - 232 = 0. Calculate the greatest common divisor of t and 102.
51
Let l(f) = -2*f**3 - 4*f**2 + 5*f + 6. Let i be l(-6). Suppose 784 = -8*g - 984. Let v = -188 - g. What is the greatest common divisor of v and i?
33
Suppose 2*v = -10, v = -w + 2*w - 7. Let g(k) = 5*k + 2. Let q be g(w). Suppose 113*r = 85*r + 336. Calculate the greatest common factor of r and q.
12
Suppose -8*t + 21930 = 77*t. Calculate the highest common divisor of 114 and t.
6
Let d(f) = -f**3 - 9*f**2 + 13*f + 32. Let u be d(-10). Let j be ((-38)/(-6))/(u/18). What is the highest common factor of j and 456?
57
Let f = 788 + -740. Suppose 66*o = 60*o + f. Calculate the highest common divisor of o and 332.
4
Let y = -88 - -106. Suppose 168 = 916*z - 909*z. What is the highest common factor of y and z?
6
Suppose -j - 3148 + 13187 = 3*g, -4*j + 13388 = 4*g. What is the greatest common factor of g and 14?
14
Let c(b) = -b**3 + 19*b**2 + 22*b - 24. Let i be c(20). Suppose g + 5*k = -i, -2*g + k = -g - 8. Calculate the highest common factor of 36 and g.
4
Let m be 2 + (-2 - 2) + 5. Let d be ((-2)/(-3))/(2/9) + m. Let c be (3/2)/(d/176). Calculate the highest common factor of c and 33.
11
Let m(t) = 1193*t - 2528. Let r be m(4). Calculate the highest common divisor of r and 153.
51
Suppose 13460*t - 26304 = 13452*t. What is the highest common divisor of t and 685?
137
Let y be -35*((-42)/5 + 4). Suppose -5*l = -6 - y. Let v(i) = 7*i**2 + 19*i - 18. Let n be v(-7). What is the highest common divisor of n and l?
32
Suppose 6*c - 402 = 3*h, -3*c + 219 = h + 28. Let n be 0/(-3) + (-2 - -54). What is the greatest common divisor of n and c?
13
Let t(u) = 7*u**2 + 11*u - 17. Let q be t(7). Suppose -q = -5*x + 157. What is the greatest common factor of x and 14?
